2 + (915 - 888).
43
Evaluate 2 + 53 - (-2773 + 2813).
15
What is 8 + (14 - 2 - 1 - 20 - 40)?
-41
What is the value of 3 + (9 - 5) - (-11 + (-36 - (-13 - 10)))?
31
Evaluate -38 - (-19 + (16 - -9) + -7).
-37
What is -20 - (-18 + (17 - 0) - 27)?
8
-15 + -104 - (12 - (-23 + 19) - 6)
-129
What is -1 - -15 - (-2192 - -2298)?
-92
Calculate 255 + -6 - (2377 - 2235).
107
383 + -501 + -10 + 70
-58
What is the value of (-86 - (73 - 137)) + 12 + -1 + -18?
-29
What is -17 + (15 - -10 - 24) + 4?
-12
-80 - -164 - -3 - 123
-36
What is 9 + (126 - 173) + (-3 - ((2 - 4) + 5))?
-44
What is -184 + 137 - (-9 + -72)?
34
What is the value of -15 + (2 - (-12 + 11 + -7)) - 43?
-48
Evaluate (-29 - -26) + -29 + 6 + 20.
-6
What is (-45 - (11 - 26)) + -7 + 0 - -1?
-36
What is -19 - (-49 - -41) - (-32 + -3 + -1 - 4)?
29
What is 35 + 40 + -70 + (5 - (4 + -8 + 2))?
12
-7 + 2 - (-10 + 13 + -45)
37
What is the value of 55 - (-9 + (-20 + 8 - -10 - -9 - -13))?
44
What is the value of -5 - ((-5 - -9) + 1 + (-8 - -1)) - 49?
-52
What is 49 + 1 + -2 + (-39 - (39 - 85))?
55
-15 + (4 - -14) + (-6 - (-6 + -8))
11
What is the value of -11 + 12 + 13 + (-10 - -16)?
20
What is the value of 47 + -199 + 158 - (-1 + (1 - 24))?
30
-13 + -2 - 51 - -31
-35
-14 + (-9 - (22 - 30)) + 8
-7
-32 + 86 + -54 + 53
53
Evaluate -4 + (14 - 67) + 82 - (-7 - 0).
32
Evaluate -4 + 0 + (111 - (-21 - -37) - 5) + -6.
80
Calculate 4 + -2 + (-8 - -7 - -7) - (-38 - 26).
72
What is -14 + (102 - (8 - 7)) + (-5 - (9 + -18))?
91
(20 - -5) + -3 - (34 - 22) - (-4 + 33)
-19
What is the value of 5 + -106 + 137 + (6 - 72)?
-30
What is the value of -66 - 20 - (-2 + -9 + -18)?
-57
What is (-32 - -42) + (2 - -11) - 1?
22
(0 - (2 + 1) - -3) + (-7 - (-11 + 5))
-1
Calculate 0 - -17 - (-12 + (11 - 1 - 32)).
51
Calculate (-3 - 3) + 2 + -9 + (2 - (10 - 19)).
-2
349 - 340 - (48 - (-3 - 4))
-46
Evaluate -27 + (-1 + 6 - (-42 - -38)).
-18
Calculate -41589 + 41640 - (-1 - (31 - -2)).
85
Evaluate 53 + (8 - 58) - ((94 - 0) + 3).
-94
Calculate -1 + -3 + 3 + (20 - 17) + -6.
-4
(-77 + -2 - -1) + 23378 + -23388
-88
Evaluate (-25 - -33) + (12 - 7 - (-3 + 45)).
-29
Evaluate 10 + (5 + -9 - 5) + 21.
22
What is (7 - (6 - 10)) + -61 - (-1 - -17)?
-66
13 + 4 + 1 + -4 + -38
-24
What is the value of 35 - (15 + -3) - (29 - 0)?
-6
What is the value of 102 + -39 + 75 + -47?
91
What is -39 + 58 - -31 - 70?
-20
Calculate -55 + -8 + 12 + 17 + (-1 - 6).
-41
What is the value of (3315 + -3321 - (-89 - 0)) + -13 + 0?
70
What is the value of -103 - -78 - -66 - 87?
-46
-15 + 23 + (-23 - (0 + 5)) + 13
-7
What is (-370 - -407) + (-102 - -5) + 4?
-56
What is 65 + 5 + -61 + -69?
-60
Evaluate (-41 - (13 - 41)) + -30.
-43
What is the value of 2 + 61 + 18 + -41 + 19?
59
Evaluate -112 - (0 - 26 - (6 + 0)).
-80
What is 4 - (0 + 29 + -3 - (-562 + 549))?
-35
Calculate 11 + -3 - (59 + -82 - -46).
-15
(8 - 3) + 13 + -6 + -4 - (13 - 7)
2
What is -30 - (-61 - -21 - 14)?
24
-2 + 0 + -4 + 15 - (-22 + 80 - -19)
-68
Evaluate 133 - (-240 + 358) - (26 + -1).
-10
Calculate -697 + 605 - ((0 - -3) + -27).
-68
Calculate (-8 + (-18 - -9) - 11) + -1 - -6.
-23
Evaluate -9 + -11 + (17 - 0) + -9 - -43.
31
Evaluate (9585 - 9511) + -26 + -1.
47
What is the value of 17 + -99 + (-22 - (-14 - 22))?
-68
-97 + 175 + -101 - (-49 + -1 + 4)
23
Calculate 14 - ((6 - 13 - -47) + (-45 - -51)).
-32
What is (0 + 1 - (2 - 2)) + 36 + (25 - 27)?
35
Evaluate (16 - 113) + (-2 - -11) + (-47 + 23 - -17).
-95
Calculate 49 + (36 - 30 - -46 - -19).
120
Calculate 0 + 3 - (5 - (-5 - 8 - 25)).
-40
Evaluate 3889 + -3947 - (-2 - 25).
-31
What is 36 + -41 + 27 + -6 + 25?
41
What is 34 + 101 + -207 + 50?
-22
Evaluate (68 - 53) + (-8 + 14 - 13) + -5.
3
Calculate -40 + 9 - (66 + -61).
-36
What is 118 - (-155 - -18) - 121?
134
12 + -15 + -5 + 7 + (12 - 1)
10
-64 - (1 + -1) - (-217 + 393 - 164)
-76
Calculate 62 - (94 + -40) - (9 + -75 + -5 + 2).
77
(62 - 0 - 57) + 16
21
Calculate -4 + -2 + (1 - -2 - (269 + -285)) - 11.
2
Evaluate -3082 + 3074 + (0 - -8).
0
Calculate -12 + -69 - (75 - 112).
-44
(187 - (287 + -143)) + (31 - -1)
75
What is the value of 3 + (-70 - -22 - (1 + -21))?
-25
Evaluate (-39 + -1 - 0) + (-11 - (60 - 83)).
-28
What is (-2 - -6 - 18) + 2 + 22 + -7?
3
What is 5 + 1 + 1 + 1 + 2 - (-7 + 66)?
-49
Evaluate -36 - (-1 - 1) - (64 + -28 + -29).
-41
1 + (38 - 2) - (-145 - -141)
41
What is -53 + -9 + 100 + -36?
2
-9 - (-83 + 33) - 25
16
Calculate -53 + 84 + 80 + -66.
45
What is the value of 3 + -4 + 50 + (51 + -42 - (7 - -5))?
46
134 + -1 - (-2 + 1) - (-49 + 87 + -43)
139
-8 - (5 + (-55 - -7) + 27)
8
Calculate (14 - (8 + (-20 - -18))) + (-2 - (-2 - -5)).
3
What is (-17 - 12) + -12 + 24 - -43?
26
Calculate (24 - 29) + -6 + -2 + -15.
-28
14 + -4 - (-125 - -115) - -129
149
Calculate -31 + 32 - (4 + 21 + -18 + 6 + 5).
-17
2 + (4 - 0) + -48 + 94 + -112
-60
What is (-34 - (2 + 36)) + -5 + 12?
-65
2 + -40 - (-1483 + 1397) - -26
74
What is the value of (44 - (-3 + 16)) + -10 + 13 + -10 + 2?
26
What is the value of -21 - (-11 - (15 + -16)) - -8?
-3
Evaluate -15 - (10 + 29 + -22 + 11).
-43
Evaluate -20 + -31 + 85 + 11.
45
What is the value of -9 - (-84 - -77) - (11 - -2)?
-15
Evaluate -71 + (-65 - -122) - 3.
-17
Evaluate (1 - 5) + 10 - 0 - (9 + -20 - -16).
1
Evaluate 525 - 510 - (112 + 6 + 0 + 4).
-107
(0 - -3) + 46 - (10 - (37 - 27))
49
Evaluate -27 - (-27 + -31 + 72 - 118).
77
Calculate 19 - (24 + 1 - (-78 + 66)).
-18
What is 62 - (-18 + (1 - -9)) - (25 + -15)?
60
What is the value of -1 + 7 + 29 - 55?
-20
Calculate 54 + 0 + (7 + -2 - (34 + -26)) + 3.
54
What is 21 + -87 + -26 - -45?
-47
What is -338 + 332 + (15 - (-3 - -3)) - 9?
0
What is 13 - 4 - (-243 + 226 - (3 - -1 - -3))?
33
Evaluate -14 + (16 - 23 - 17) - -2.
-36
What is 11 + (-4 - 11) - (-3 + 5 + 113) - -7?
-112
What is the value of 11 - (27 + -1 - (432 + -452))?
-35
Evaluate -8 + (30 + -2 + -8 - 2) + -10 + 41.
41
Calculate (-8 + 6 + 5 - (10 - 7)) + 47.
47
40 - (-19 - -23) - 24 - 3
9
Calculate -70 + (-1 - -27 - (-57 - -58)).
-45
Calculate -17 + 21 - -3 - -27 - (-15 + (-3 - -9)).
43
(-32 - (-2 + 0 + (-34 - -50 - 5))) + -9
-50
110 + -109 + -45 + 76
32
Evaluate 8 - ((37 - 15) + -39 + 5 + 1 - -36).
-17
Evaluate 33 - 1 - (1262 + -1210).
-20
What is the value of (-33 + 73 + (-4 - 17) - 30) + 1 + 1?
-9
4 + (-220 - -260 - (-1 - -2))
43
-54 + (-87 + 118 - -93)
70
Calculate (11 - (-41 - -52 - (0 - -9))) + 12 + -153.
-132
Evaluate 55 - -8 - (-200 - -299).
-36
Evaluate 0 + -35 + 34 + 40.
39
What is the value of -13 - (-6 - -7 - 61) - (-9 + (1 - -3))?
52
(-12 - (-23 - 26)) + 20
57
Calculate 3 - 26 - (18 - (-9 - (1 + 8 + -24))).
-35
What is the value of (1 - 101) + 8013 + -7939?
-26
Calculate -39 + (-401 - -439 - (42 + 5)).
-48
What is 1 + -51 - (20551 - 20640)?
39
-36 - -2 - (54 - 61) - -49
22
What is the value of (-4 - (6 + 2)) + (23 - (-1 - -8))?
4
Evaluate 20 + (8 - (-96 - -156)).
-32
What is the value of 36 + 38 + -82 - (-1 + 23)?
-30
What is 28 - (79 - (15 - 1))?
-37
Evaluate -10 + -9 + (-11 - 33) + 18 + (-2 - 1).
-48
Calculate (2 - 4) + 43 + -40 - 1.
0
Evaluate -87 - -49 - (4 + -5 + 11 + -7 + 6).
-47
What is the value of (195 - 187) + (23 + 3 - 13)?
21
-1 + 1 + -25 - (256 + -121 + -213)
53
What is the value of -16 - (-34 + 48 - 61)?
31
What is the value of -218 + 144 - (-3 + 1 + (0 - -7))?
-79
What is the value of -43 + -58 + ((5 - -1) + 2 - 6)?
-99
31 + -31 + (-11 - (9 + 17))
-37
Evaluate (0 - (154 + -2)) + 35479 + -35444.
-117
Calculate 58 + (-23 - -44) + (-16 - -8) + 8.
79
(-41 + 100 - 31) + (6 - (-1 + 4 - 3))
34
Evaluate 20 + -10 - (6 + -4 + (16 - -1)) - 45.
-54
Calculate -6 - (8 + (0 - -3 - -3) + -21) - 12.
-11
What is (-51 + 109 - -81) + -83?
56
What is (-31 - (10 - 19)) + (16 - 8)?
-14
Calculate -20 + 9 + (-10 - -10) + -4 + -11.
-26
What is -96 + -60 + 127 - (-4 + -2 + 13)?
-36
Evaluate -143 - -81 - (-14 - 6) - -14.
-28
What is the value of (135 - 72) + -109 - (-8 - -4)?
-42
What is the value of (1 - 7) + 10 + -1 + 0 + 0 + 9?
12
Calculate -79 - (10 - 3) - (-50 + -12 + 78).
-102
What is 125 - (-72 - -145) - 24?
28
What is the value of -23 + 37 - (-13 + -17 + 10)?
34
0 + 19 + -48 + 72
43
Evaluate -1 - 8 - ((53 - 142) + 42) - 11.
27
-8 + -30 + 35 - (-18 - 0) - -17
32
Evaluate 1 - (13 - (-2 - (0 - 13) - 34)).
-35
Calculate (-216 + 58 - -146) + (151 - 0).
139
Calculate 95 +